22.
209
Let q(v) = -13*v - 55. Let g be q(6). Let p = g + 168. Calculate the remainder when p is divided by ((-3)/(-2))/(2/12).
8
Suppose -380 = -3*p + 8 - 97. What is the remainder when 330 is divided by p?
39
Suppose 402 = -2*v + 2*m - 490, 0 = -v + 4*m - 458. Let r = v - -472. What is the remainder when 41 is divided by r?
11
Suppose 13*k = 7*k + 192. Let q(a) = -7*a + 415. What is the remainder when q(0) is divided by k?
31
What is the remainder when (-18)/(-108)*8/(2 + 0)*267 is divided by 20?
18
Suppose -9*f + 5*q + 791 = -8*f, -8863 = -11*f + q. What is the remainder when 2449 is divided by f?
31
Suppose 2*w + 4*s - 32 = 0, -5*w - 3*s + 86 = s. Calculate the remainder when (-112640)/352*(-1)/5 is divided by w.
10
Let l(r) = 2106*r - 23106. Calculate the remainder when 1911 is divided by l(11).
51
Suppose 43 + 20 = 7*b. Let s be 6/(-3) - (1 - (1 + 7)). Suppose 8*c + 3*d = 3*c + 70, -c + s*d = -42. Calculate the remainder when c is divided by b.
8
Let o = -384 - -390. What is the remainder when o*((-2)/8 + 1235/156) is divided by 37?
9
Let i(s) = -22*s - 40. Let l be i(-3). Suppose -25*h + l*h - 293 = 0. What is the remainder when h is divided by 75?
68
Suppose -288 = -4*l - 4*q, -12*l + 226 = -9*l + 5*q. Calculate the remainder when 267 is divided by l.
66
Let i(w) = 8*w - 11. Let q be 2 - (-6 + 4 - -2). Suppose 6*u = 4*u + 24. What is the remainder when u is divided by i(q)?
2
Suppose 14*l + 58 = 170. Suppose -l*x + 4 = -36. Suppose 0 - 68 = -4*u. What is the remainder when u is divided by x?
2
Suppose 6*i = -2*i - 0*i. Suppose 11*b - 41*b + 360 = i. Let q(l) = 6*l - 2. What is the remainder when q(4) is divided by b?
10
Let p be -2 + 660 + 2*7/(-7). Suppose -34*l + 30*l - p = -4*t, 5*t - 2*l = 814. Calculate the remainder when t is divided by 42.
36
Let p = 77 + 33. Let d = p + -66. Suppose -d*q + 189 = -41*q. What is the remainder when q is divided by 33?
30
Let l be 48/144 - (-4906)/6. Let w = 854 - l. Calculate the remainder when 204 is divided by w.
24
Let g = 27628 - 27194. What is the remainder when g is divided by 110?
104
Suppose 5*a = -14 + 54. Calculate the remainder when (-4)/3 - (6832/(-21))/16 is divided by a.
3
Let s(r) = r**3 + 13*r**2 + 47*r + 750. What is the remainder when s(-11) is divided by 77?
13
Let s(l) = l**3 + 23*l**2 + 23*l + 26. Let c(q) = -q**3 + 3*q**2 + 3*q - 18. Let g be c(4). Calculate the remainder when s(g) is divided by 4.
0
Let u be (1580/8 - -7)*2. What is the remainder when 4/10*((4 - -7) + u) is divided by 38?
16
Suppose -4*b - 5*g + 14 = 0, -g + 15 - 8 = 5*b. Let i be (-906)/(-14) - (-4)/14. What is the remainder when 19 is divided by (b - 1 - i/(-10))*2?
6
Suppose -5*w + 3*w - 4 = 0. Let y(q) = -19*q - 31. Suppose 3*a - 4*m + m - 30 = 0, 3*m = 5*a - 42. What is the remainder when y(w) is divided by a?
1
Let z(a) = 260*a**2 + 273*a - 833. Calculate the remainder when z(3) is divided by 58.
6
Suppose 4*h - 642 = -2*h. Suppose 4*z - h - 180 = -3*f, 5*f + z = 467. Let l = f + -70. What is the remainder when l is divided by 8?
7
Let w be 1/(-2)*(-60)/6. Suppose -4*f - 3*d = -8*d - 1423, -2*f + w*d + 719 = 0. Suppose 0 = 12*a - a - f. Calculate the remainder when 124 is divided by a.
28
Suppose 31 = 5*j - 4. Calculate the remainder when 225*(-3)/(-50)*8/9 is divided by j.
5
Let f(y) = 4*y**2 + y + 1. Suppose -2*n = -5*n - 9. Let x be -2 - (-4 - -6) - n. What is the remainder when 9 is divided by f(x)?
1
What is the remainder when 34713/114*(-8)/(-6) is divided by 89?
50
Suppose -3*y + 134 = -2*l - 127, -5*l - 185 = -2*y. Let t = y + -43. Let h = t - 5. What is the remainder when 71 is divided by h?
34
Suppose 49 = 3*j - 8*g + 3*g, 0 = g + 5. What is the remainder when j/(-28) - (-1)/((-28)/(-4936)) is divided by 90?
86
Let l be (18/(-27))/((-2)/120). Suppose -s - 53 = -4*h, -3*h + 6*h - s - l = 0. Calculate the remainder when 272 is divided by h.
12
Let j(m) = -361*m - 1037. What is the remainder when j(-3) is divided by 5?
1
Let h(f) = 90*f + 638. What is the remainder when h(28) is divided by 13?
12
Suppose -c - 42 = -4*x, -3*x = -0*x + 3*c - 39. What is the remainder when 111 is divided by 20/14*(x + 3)?
11
Let y(m) = -135*m - 1. Let s be y(-1). Let v be (-1)/(-9) + (-3 - (-4869)/(-81)). Let q = v + s. Calculate the remainder when q is divided by 18.
17
Suppose 0 = 33*o + 18*o - 88664 - 12622. What is the remainder when o is divided by 1985?
1
Let l = -4 - 12. Let v = l - -8. Let o(x) = -x**3 - 7*x**2 - 5*x - 19. What is the remainder when o(v) is divided by 11?
8
Let w = -49 - -77. Suppose -w = -3*a + 23. Suppose -5*l = -7*t + 4*t - 27, l = -t + 7. Calculate the remainder when a is divided by l.
5
Calculate the remainder when (65 + -29)*422/8 is divided by 38.
37
Suppose -18 = -6*o - 0*o + 6. Suppose -m + 25 = -3. Suppose 4*w + 4*v = 68, o*w + v - m = 52. Calculate the remainder when w is divided by 8.
5
What is the remainder when (-20)/14 + 1 + 17/(1071/2862) is divided by 10?
5
Let b = -84 + 96. Let c be (-8 - -7)*-1*43. Let w = -24 + c. What is the remainder when w is divided by b?
7
Suppose -349*p + 318*p + 23901 = 0. Calculate the remainder when p is divided by 39.
30
Let d = 295 - 169. Let n = 114 - 112. Calculate the remainder when d/12*(-4)/(-6) is divided by n.
1
Let p(x) = x**3 - 7*x**2 - 4*x + 6. Calculate the remainder when (74/4)/((-37)/(-148)) is divided by p(8).
36
Let j = 21266 + -21072. What is the remainder when 273 is divided by j?
79
Let y = -682 + 689. Let v(a) = -8*a + 105. Calculate the remainder when 1027 is divided by v(y).
47
Let q be (-3)/2*20/(-15). Suppose t - 3*b - 150 = -4*t, q*b + 10 = 0. Calculate the remainder when t is divided by 2.
1
Calculate the remainder when (1 - 3)/((880/(-6180))/22) is divided by 105.
99
Suppose 6 = 3*i - z, 5*i - 2*z = -3*z + 10. Let y be -1*42/(-7) - 4. Let o(m) = m + 5. What is the remainder when o(y) is divided by i?
1
Let n = 20 - 15. Suppose 2*f + 12 = p + 5*f, n*f - 20 = p. Suppose 3*z + 2*u + 3*u - 68 = p, -4*z + 4*u = -80. Calculate the remainder when 76 is divided by z.
13
Let b = 125 - 116. Suppose -s = -b - 8. What is the remainder when s is divided by 4?
1
Suppose -36*w = 24*w - 1200. Calculate the remainder when 2797 is divided by w.
17
Let j(i) = -4*i**2 - 14*i - 18. Suppose 0 = -5*b + 5, 0*b - 13 = 2*o + 5*b. Let x be j(o). Let a = -93 - x. What is the remainder when a is divided by 31?
30
Suppose -23 - 31 = 3*s. Let n be 460/15 + 66/(-99). Let m = s + n. Calculate the remainder when m is divided by 2.
0
Suppose 0 = 4*z + 5*y - 210, 2*z - 107 = 3*y - 35. What is the remainder when 944 is divided by z?
44
Suppose 39*k - 8 = 37*k. Suppose -5*d - 3*x = -3*d + 9, 3*d = -k*x - 11. Suppose -d*s - 12*s = -585. What is the remainder when 154 is divided by s?
37
Suppose 5*i - 112 = -b, 9*b + 5*i = 11*b - 314. Calculate the remainder when b is divided by 7.
2
Suppose -12*n = -3*y - 7*n + 1044, -4*n - 1044 = -3*y. Suppose 96 = 12*f - y. What is the remainder when f is divided by 5?
2
Let b(m) = 26*m + 17. Let u be 1*(0 + -2)*(21 - 18). Let t be b(u). Calculate the remainder when 1*(-1 - 1*(t - 3)) is divided by 48.
45
Let j(o) = 32*o - 529. Calculate the remainder when 51 is divided by j(17).
6
Suppose -4 = x - 2. Calculate the remainder when (27 - -1)*(-7)/(-28)*7 is divided by 4/(x/10*-2).
9
Let p = 1272 + 3387. Calculate the remainder when p is divided by 37.
34
Let c be 1/((-3)/(2 + 256)). Let l = 89 + c. Let z(f) = -f**2 + 13. Calculate the remainder when z(0) is divided by l.
1
Let v = 207 - 181. Calculate the remainder when 207 is divided by v - (51/(-15) + 6/(-10)).
27
Let r = -2478 + 2958. What is the remainder when r is divided by 104?
64
Suppose 486 = -4*s - 2*s. Let h = s + 397. Suppose 4*y - h = -4*j, 67 = 2*y - y + 4*j. What is the remainder when y is divided by 42?
41
Suppose -2*w - 5*y + 97 = 0, 2*w = -2*w - y + 239. Let r = w - 50. Let i = 34 - r. Calculate the remainder when i is divided by 12.
11
Let s(l) = -4*l**2 - 274*l + 159. What is the remainder when 250 is divided by s(-69)?
19
Let i = 321 + -254. Let f(g) = -g**2 - 18*g + 23. What is the remainder when i is divided by f(0)?
21
Suppose -3013 = -134*m + 250*m - 139*m. What is the remainder when m is divided by 54?
23
Let f(c) be the second derivative of 